= -119*o + 6. Let t(x) = -79*x + 4. Let r(h) = -7*t(h) + 5*w(h). Let v be (2 - 1)/(-11 - -6 - -4). What are the prime factors of r(v)?
2, 11
Let g(h) = -25*h - 73. List the prime factors of g(-21).
2, 113
Suppose l + 12 = -0*l - 4*x, 4 = -2*l + 2*x. What are the prime factors of 2*l*(-95)/20?
2, 19
Suppose -9*g + 5 = -4*g. Suppose 3*p + g - 58 = 0. List the prime factors of p.
19
Suppose -3*g = g + 24. Let v be (-6)/(g/2) + 1. What are the prime factors of v/(2 - 164/88)?
2, 11
Let q = -306 + 673. List the prime factors of q.
367
Suppose -6*u + 17 = -1. What are the prime factors of 1/(u*4/1008)?
2, 3, 7
Suppose -466 = -r + 4*h, -2 = -9*h + 11*h. List the prime factors of r.
2, 3, 7, 11
Suppose -w + 3*s - 166 = 114, 3*s + 852 = -3*w. Let x = w - -536. List the prime factors of x.
11, 23
Let b be -4*(-2)/4 + 0. Let n = -30 + 36. Suppose -44 = -n*l + b*l. What are the prime factors of l?
11
Suppose 82*y - 72*y = 3030. List the prime factors of y.
3, 101
Let d(l) = 615*l**2 + 19*l - 33. List the prime factors of d(2).
5, 17, 29
Suppose 0 = 4*b + 2*j - 14, 3*b - 17 = -b + j. Suppose -b*t = i - 0*t + 4, i = 3*t + 3. List the prime factors of i + 1 + -3 + 32.
2, 3, 5
Suppose 2*d = 5*d - 84. Suppose -d = y + 3*y. List the prime factors of 508/14 - (-2)/y.
2, 3
Let i(l) be the third derivative of -2*l**2 + 0 + 1/4*l**4 - 13/6*l**3 + 0*l. List the prime factors of i(9).
41
Let t = 411 - 173. What are the prime factors of t?
2, 7, 17
Let v be 2/(-12) + (37163/6)/(-7). List the prime factors of (-8)/(-6) + v/(-45).
3, 7
Let d(n) = 2*n + 28. Let k(u) = 4*u + 56. Let s(y) = 7*d(y) - 3*k(y). What are the prime factors of s(-7)?
2, 7
Let t(b) be the third derivative of -17*b**4/24 - 2*b**3/3 + 7*b**2. Let a be t(-3). What are the prime factors of (a/3)/((-2)/(-6))?
47
Let u(d) = d**2 + 5*d + 7. Let b be u(-5). Suppose 5*i = -3*p + 9, 5*p + 3 = -b. Suppose -i*s - 6 = -3*j + 18, -25 = 5*s. List the prime factors of j.
3
Let r be (-17)/2 - (-42)/(-28). Let f(o) = -o**3 - 7*o**2 + 12*o + 35. List the prime factors of f(r).
5, 43
Let c(u) = u**2 + 12*u + 11. Let n be c(-12). Let f = 36 + n. List the prime factors of f.
47
Suppose 5*g = 2*y - 3058, -3*y - 3*g + 7*g + 4587 = 0. What are the prime factors of y?
11, 139
Let g(t) = -t + 7. Let v be g(-8). Let c = 49 - v. Suppose m + 68 = 4*x, -m = -x - 5*m + c. List the prime factors of x.
2, 3
Let s = 392 - -187. List the prime factors of s.
3, 193
What are the prime factors of 1725*(8/6 + -1) - -4?
3, 193
Let h(f) = 2*f**2 - 8*f + 19. Let s be h(12). Let q = -66 + s. What are the prime factors of q?
5, 29
Let b(g) = -40*g**2 - 2. Let v be b(-1). What are the prime factors of (-14 - v)/((-2)/(-4))?
2, 7
Let m(f) = -f**2 + 7*f + 11. Let x be m(11). Let c = x + 14. Let k = c - -35. List the prime factors of k.
2
Let d(p) = p**3 - 4*p**2 - 7*p + 12. Let w be d(5). Suppose -g - g - 224 = -w*m, -2*m = 5*g - 196. What are the prime factors of m?
2, 3
Let p be (173/3)/((-4)/(-48)) - -3. Suppose -3*a + p = 5*n - n, 5*a - 1162 = -3*n. What are the prime factors of a?
233
Let z(b) = 5*b**2 + 12*b - 54. What are the prime factors of z(11)?
683
Let a = 21 - -12. Suppose 371 = 36*i - 241. Let v = a - i. What are the prime factors of v?
2
What are the prime factors of 6/(-39) - (-186291)/91?
23, 89
Suppose -3*j + 7104 = -3*f, 0 = -5*f + 23 - 13. What are the prime factors of j?
2, 3, 5, 79
Let s(z) = z**2 + z - 1. Let w be s(0). Let d be ((-9)/18)/(w/(-32)). What are the prime factors of 1*-2*72/d?
3
Let d be (-12)/(-12) + 1 + 30. Suppose 0 = -5*f - 4*w - 12 + d, 2*f - 8 = -3*w. List the prime factors of (-3)/6*f*-33.
2, 3, 11
Suppose -z + 2 = 4. Let h be (-4)/z + 2 - -1. Suppose 0 = -h*f - 4*x + 50, f + 3*f - 44 = -4*x. List the prime factors of f.
2, 3
Let m = -3 - -1. Let b be (-13)/(-3) - m/(-6). List the prime factors of (-93)/(-6) - 2/b.
3, 5
Let f(k) = 4*k**3 + 8*k**2 - 17*k + 7. Let h(y) = -3*y**3 - 8*y**2 + 16*y - 7. Let a(r) = -4*f(r) - 5*h(r). List the prime factors of a(6).
7
Suppose 6*y - 4*y = t + 15, y = -2*t - 5. What are the prime factors of 2 + (-4632)/(-20) + 2/y?
2, 3, 13
Let v(d) = -8*d + 37. Let q(a) = 15*a - 73. Let f(i) = -3*q(i) - 5*v(i). List the prime factors of f(-27).
13
What are the prime factors of 68/10*(-14 - (-163 + -16))?
2, 3, 11, 17
Let j(a) be the second derivative of -a**5/20 - 5*a**4/4 - a**3/3 + 11*a**2/2 - 2*a. List the prime factors of j(-15).
41
Let o(r) = r - 22. Let z be o(22). Suppose z = -4*a + 6*a - 6. List the prime factors of a.
3
Let v be 1/(-3 - (-28)/10). Let i = 9 + v. List the prime factors of 1470/54 + i/(-18).
3
Suppose 0*d + 342 = -6*d. What are the prime factors of (29/2 - -2)/(d/(-190))?
5, 11
Let f(a) = -2 - 4 - 2*a + 5. Let q be f(5). Let j(g) = -g**2 - 14*g. What are the prime factors of j(q)?
3, 11
Suppose 56*o = 51*o + 4*y + 3992, 3181 = 4*o + y. List the prime factors of o.
2, 199
Let i(c) = -5*c - 5. Let a be 21/3 + (-1)/1. Suppose 2*j + j = -b + 6, 2*j = a. List the prime factors of i(b).
2, 5
Let l(p) = 78*p - 35. What are the prime factors of l(5)?
5, 71
Suppose 5 = -b, 4*a - b = 3*b + 168. Suppose 6*g + 4*f = 3*g + 137, -g = -3*f - a. What are the prime factors of g?
43
Let l = -2153 - -3985. List the prime factors of l.
2, 229
Suppose 0 = -5*k - y - 515, -4*y = -5*k - 3*y - 515. Let d = k - -341. List the prime factors of d.
2, 7, 17
Let i = -50 + 69. Suppose -219 = i*b - 22*b. List the prime factors of b.
73
Suppose 5*s - 1 - 21 = -q, -88 = -4*q - 4*s. Let z = q - 2. What are the prime factors of z?
2, 5
Let k(z) = z**3 - 9*z**2 + 6*z - 22. Let m be k(9). Let b = 8 - 5. Suppose -b*s + m = -s. List the prime factors of s.
2
Let w(n) = -12*n**2 - n - 2. Let y be w(2). List the prime factors of 2/13 + (-2696)/y.
2, 13
Suppose -6*c + 2*c + 12 = 0. Suppose -4 = u - 1, -c*u = -3*o - 51. List the prime factors of 197/4 - (-5)/o.
7
Suppose 36*y - 34*y = 1244. Suppose 2002 = 10*p + y. What are the prime factors of p?
2, 3, 23
Let x be 22/55 + (-849)/(-15). What are the prime factors of x - -1 - (15 - 18)?
61
Let i(r) = r**3 + 2*r**2 - 5*r + 10. Let g be i(-5). Let f be (6/10)/((-8)/g). Suppose -7*c + f*c = 5*a - 148, -a = 2*c - 26. List the prime factors of a.
2
Let c(z) = -z**3 + 25*z**2 + 57*z - 56. List the prime factors of c(26).
2, 3, 5
Suppose -2*m + 3*q + 1040 = 0, -3*m - 9*q = -4*q - 1522. List the prime factors of m.
2, 257
Suppose -2*o = n - 2, -2*n + 4*o = 8 + 4. Let c(u) = -30*u - 7. List the prime factors of c(n).
53
What are the prime factors of ((-144)/(-30))/(3/345)?
2, 3, 23
Let v be ((-9)/(9/2))/(-2). List the prime factors of (-3)/(6/(-158)) + v.
2, 5
Suppose 0*g = -2*g + 8. Let o be 1 - -50 - (-13 - -2). Suppose 0 = -5*w - u + 164, -g*w + o + 82 = 4*u. List the prime factors of w.
2
Suppose 4*s = -4*i + 19768, 8*s + 4*i = 3*s + 24706. What are the prime factors of s?
2, 3, 823
Let n be 4*(-3 + 2) - -2. What are the prime factors of (n - -38)*18/12?
2, 3
Suppose 37 = i + u, u = 3*i + i - 168. Suppose -25 = -2*b + i. What are the prime factors of b?
3, 11
Suppose j + 51 = -109. Let b = j - -270. List the prime factors of b.
2, 5, 11
Let g(c) = 7*c**3 - 3*c**2 + 3*c. Let b(y) = 7*y**3 - 4*y**2 + 3*y. Let t(r) = 5*b(r) - 6*g(r). What are the prime factors of t(-2)?
2, 3
Let l be 1/(-4) + (-13)/(-4). Let w be -1*l*9/(-9). List the prime factors of 2/w - 301/(-21).
3, 5
Suppose 0 = 15*a - 4896 - 3219. List the prime factors of a.
541
Suppose 0*y = -2*y - h + 7, 0 = 2*y + 3*h - 1. Let m(z) = -5 + z + 5 + 2 + y. List the prime factors of m(7).
2, 7
Suppose -9*h = 5*s - 8*h - 2850, s - 554 = 3*h. What are the prime factors of s?
569
List the prime factors of 709 - (3 + 3) - -4.
7, 101
Let p(u) = 9*u**2 - 2*u. Suppose -5*z = -2*z - 9, -5*z = -2*d + 7. Let r = 9 - d. What are the prime factors of p(r)?
2, 5
List the prime factors of (600/36)/((-16)/(-2568)).
5, 107
What are the prime factors of ((-15)/3 - -2918) + 10?
37, 79
Suppose -l + 1938 = -164. What are the prime factors of l?
2, 1051
Let m be 4/((-4)/((-333 + 2)*2)). List the prime factors of 5/(135/6) + m/18.
37
Let r(p) be the first derivative of 105*p**2/2 - 4*p - 16. List the prime factors of r(1).
101
Let f = 14 - 10. Suppose 2 = -5*n - f*i + 5, 21 = 4*n - 3*i. Suppose n*g - 10 = 20. List th